923.
3, 29, 121229
List the prime factors of 525863.
13, 19, 2129
What are the prime factors of 541531?
541531
List the prime factors of 3572390.
2, 5, 357239
List the prime factors of 186179.
7, 26597
List the prime factors of 355704.
2, 3, 14821
List the prime factors of 16828179.
3, 43, 73, 1787
What are the prime factors of 6936589?
11, 47, 13417
What are the prime factors of 185974?
2, 92987
What are the prime factors of 741314?
2, 7, 52951
List the prime factors of 11274967.
11, 1024997
List the prime factors of 6462918.
2, 3, 7, 11, 4663
What are the prime factors of 259208?
2, 32401
What are the prime factors of 12166419?
3, 97, 41809
What are the prime factors of 4078490?
2, 5, 13, 137, 229
What are the prime factors of 3428711?
11, 13, 23977
What are the prime factors of 1665830?
2, 5, 17, 41, 239
List the prime factors of 211110.
2, 3, 5, 31, 227
What are the prime factors of 1949592?
2, 3, 81233
List the prime factors of 22494.
2, 3, 23, 163
List the prime factors of 218597.
47, 4651
List the prime factors of 1385188.
2, 7, 61, 811
List the prime factors of 9530084.
2, 2382521
List the prime factors of 11209913.
11, 13, 277, 283
List the prime factors of 2900424.
2, 3, 120851
List the prime factors of 365756.
2, 61, 1499
List the prime factors of 4204266.
2, 3, 11, 5791
What are the prime factors of 1599471?
3, 43, 4133
What are the prime factors of 928509?
3, 309503
List the prime factors of 2064083.
7, 294869
What are the prime factors of 1960205?
5, 13, 53, 569
What are the prime factors of 1962770?
2, 5, 196277
What are the prime factors of 853828?
2, 113, 1889
What are the prime factors of 13336047?
3, 1481783
What are the prime factors of 108975?
3, 5, 1453
What are the prime factors of 13218034?
2, 19, 137, 2539
List the prime factors of 147953.
13, 19, 599
List the prime factors of 784212.
2, 3, 11, 13, 457
What are the prime factors of 592172?
2, 7, 21149
List the prime factors of 293917.
13, 23, 983
List the prime factors of 7294667.
421, 17327
What are the prime factors of 303926?
2, 7, 17, 1277
List the prime factors of 837139.
837139
List the prime factors of 136148.
2, 101, 337
List the prime factors of 1456060.
2, 5, 47, 1549
List the prime factors of 823803.
3, 17, 29, 557
List the prime factors of 814394.
2, 7, 58171
List the prime factors of 49053.
3, 83, 197
What are the prime factors of 574526?
2, 83, 3461
What are the prime factors of 4860242?
2, 31, 277, 283
List the prime factors of 817521.
3, 272507
What are the prime factors of 1841229?
3, 13, 15737
What are the prime factors of 711824?
2, 17, 2617
List the prime factors of 6421114.
2, 7, 458651
List the prime factors of 73841.
41, 1801
List the prime factors of 2600908.
2, 650227
List the prime factors of 10276420.
2, 5, 7, 11, 6673
List the prime factors of 12828950.
2, 5, 256579
What are the prime factors of 20908676?
2, 239, 21871
List the prime factors of 762363.
3, 7, 12101
What are the prime factors of 401101?
401101
List the prime factors of 5433702.
2, 3, 905617
List the prime factors of 19700090.
2, 5, 41, 48049
What are the prime factors of 1679822?
2, 839911
What are the prime factors of 443374?
2, 41, 5407
List the prime factors of 911694.
2, 3, 7, 443
What are the prime factors of 8768089?
11, 67, 11897
List the prime factors of 86974.
2, 43487
List the prime factors of 512022.
2, 3, 7, 73, 167
List the prime factors of 385665.
3, 5, 7, 3673
List the prime factors of 128171.
67, 1913
List the prime factors of 3178275.
3, 5, 31, 1367
List the prime factors of 11308186.
2, 53, 106681
List the prime factors of 4364522.
2, 103, 21187
What are the prime factors of 27154704?
2, 3, 565723
What are the prime factors of 547601?
547601
List the prime factors of 273808.
2, 109, 157
List the prime factors of 169928.
2, 11, 1931
What are the prime factors of 5455286?
2, 769, 3547
List the prime factors of 1141912.
2, 47, 3037
What are the prime factors of 243842?
2, 121921
List the prime factors of 1517696.
2, 71, 167
What are the prime factors of 972558?
2, 3, 71, 761
What are the prime factors of 5428832?
2, 19, 8929
What are the prime factors of 131489?
131489
What are the prime factors of 2000210?
2, 5, 139, 1439
What are the prime factors of 4801194?
2, 3, 37, 89
List the prime factors of 672320.
2, 5, 11, 191
What are the prime factors of 474155?
5, 11, 37, 233
List the prime factors of 609977.
17, 53, 677
List the prime factors of 776880.
2, 3, 5, 13, 83
List the prime factors of 286425.
3, 5, 19, 67
What are the prime factors of 2783615?
5, 556723
What are the prime factors of 505497?
3, 168499
What are the prime factors of 916181?
7, 17, 7699
What are the prime factors of 14976729?
3, 127, 13103
List the prime factors of 344433.
3, 29, 37, 107
What are the prime factors of 39760?
2, 5, 7, 71
List the prime factors of 5151306.
2, 3, 17, 50503
What are the prime factors of 728966?
2, 7, 52069
List the prime factors of 120986.
2, 60493
What are the prime factors of 32900665?
5, 7, 940019
What are the prime factors of 6902773?
53, 130241
List the prime factors of 36873340.
2, 5, 7, 17, 15493
List the prime factors of 379541.
379541
List the prime factors of 1362878.
2, 11, 61949
List the prime factors of 199335.
3, 5, 97, 137
List the prime factors of 225349.
225349
List the prime factors of 110511.
3, 4093
What are the prime factors of 318332?
2, 7, 11369
List the prime factors of 10055520.
2, 3, 5, 6983
What are the prime factors of 538730?
2, 5, 17, 3169
List the prime factors of 21253487.
21253487
List the prime factors of 904975.
5, 53, 683
List the prime factors of 1663502.
2, 831751
List the prime factors of 1764636.
2, 3, 307, 479
What are the prime factors of 717001?
717001
What are the prime factors of 5590138?
2, 2795069
What are the prime factors of 26249414?
2, 83, 158129
List the prime factors of 637011.
3, 23593
List the prime factors of 797160.
2, 3, 5, 7, 13, 73
List the prime factors of 59380.
2, 5, 2969
List the prime factors of 359058.
2, 3, 7, 83, 103
What are the prime factors of 6655212?
2, 3, 223, 829
List the prime factors of 6873607.
13, 73, 7243
What are the prime factors of 34771?
11, 29, 109
What are the prime factors of 8745133?
8745133
List the prime factors of 12060820.
2, 5, 17, 19, 1867
List the prime factors of 2041884.
2, 3, 13, 4363
What are the prime factors of 234331?
234331
What are the prime factors of 3323231?
31, 107201
What are the prime factors of 6966?
2, 3, 43
What are the prime factors of 4460807?
13, 31, 11069
List the prime factors of 68243.
7, 9749
What are the prime factors of 2774254?
2, 7, 71, 2791
List the prime factors of 1544026.
2, 11, 70183
What are the prime factors of 9769995?
3, 5, 217111
List the prime factors of 6902478.
2, 3, 11, 71, 491
List the prime factors of 15020177.
2423, 6199
List the prime factors of 11377757.
43, 264599
List the prime factors of 4298441.
7, 614063
What are the prime factors of 1164866?
2, 582433
List the prime factors of 23844563.
19, 67, 18731
List the prime factors of 2410240.
2, 5, 7, 269
List the prime factors of 153289.
17, 71, 127
List the prime factors of 109759.
13, 8443
What are the prime factors of 27465067?
7, 61, 131, 491
List the prime factors of 13199716.
2, 59, 55931
List the prime factors of 1612229.
17, 94837
What are the prime factors of 81580?
2, 5, 4079
What are the prime factors of 4072432?
2, 7, 13, 2797
List the prime factors of 164351.
11, 67, 223
What are the prime factors of 741165?
3, 5, 49411
List the prime factors of 1120458.
2, 3, 186743
What are the prime factors of 2502024?
2, 3, 7, 53, 281
What are the prime factors of 1386494?
2, 587, 1181
What are the prime factors of 1692884?
2, 423221
What are the prime factors of 6590210?
2, 5, 11, 181, 331
List the prime factors of 945236.
2, 67, 3527
What are the prime factors of 1021046?
2, 13, 173, 227
What are the prime factors of 428795?
5, 191, 449
List the prime factors of 140580.
2, 3, 5, 11, 71
What are the prime factors of 1128672?
2, 3, 3919
What are the prime factors of 12546?
2, 3, 17, 41
List the prime factors of 1914545.
5, 47, 8147
What are the prime factors of 1451269?
101, 14369
What are the prime factors of 197438?
2, 17, 5807
List the prime factors of 1328614.
2, 7